nder when 2 is divided by i(0).
0
Let r(f) = f**3 - 7*f**2 - 6*f + 14. What is the remainder when 59 is divided by r(8)?
29
Suppose -3*z = 3*u + 1 - 22, 0 = 5*u - z - 53. What is the remainder when u is divided by 4?
2
Let m = -11 + 15. Let p be 3 - 5/(15/(-6)). Let w = -3 + p. Calculate the remainder when m is divided by w.
0
Let l(y) = -y**2 - 10*y - 8. Suppose -2*o + 3*v - 5 = -0*o, 3*o = -5*v - 36. What is the remainder when 24 is divided by l(o)?
11
Suppose 2*k - k - 19 = 4*p, 0 = 5*k - 2*p - 167. What is the remainder when (-21)/k - 128/(-5) is divided by 13?
12
Let r be (-5 + 1)*(-2 + 1). Suppose r*f = 3*f + 36. Suppose o + 3*v = 7, 0*v = -5*o - 4*v + 79. Calculate the remainder when f is divided by o.
17
Suppose 5*o + 3*j = 65, -15 = 4*j + 5. Let q be 22*2 + -8 + 4. Suppose -58 = -2*l + 5*p, 5*l - 5*p - q = 105. Calculate the remainder when l is divided by o.
13
Suppose 22 = -0*o + 2*o - 2*q, q = 3*o - 43. Let i(b) = 2*b**2 + 2*b + 3. Let w be i(-2). Let t = 2 + w. What is the remainder when o is divided by t?
7
Let j(w) = -2*w + 30. What is the remainder when 20 is divided by j(13)?
0
Suppose 4*b - 41 + 13 = 0. Calculate the remainder when 40 is divided by b.
5
Let p = 116 + -86. What is the remainder when 119 is divided by p?
29
Let f(l) = 6*l**2 - 6. What is the remainder when f(-2) is divided by 10?
8
Suppose 2*p = 7*p - 285. Suppose 2*s = -5*r + 35, 0*s - 5*r - 10 = -s. What is the remainder when p is divided by s?
12
Let m(w) = w**3 + 10*w**2 - 2*w - 10. Calculate the remainder when 15 is divided by m(-10).
5
Suppose 4*q - 1164 = -4*k, q - 1166 = -3*q - 2*k. Suppose -q = -4*u + 308. Calculate the remainder when (-8)/12*u/(-4) is divided by 7.
4
Let t(i) be the second derivative of i**3/6 + i**2 - i. Let l(w) = -w**3 + w**2 + 7*w + 2. Calculate the remainder when l(-3) is divided by t(3).
2
Let z(f) = -f**3 - f**2 + 2*f + 1. Let x be z(-2). Let v = x - -2. What is the remainder when 34 is divided by 35/v - (-3)/9?
10
Let k = -11 + 40. Suppose -2*a - 11 - 19 = 0. Let m = a + k. Calculate the remainder when 40 is divided by m.
12
Suppose 2*u + 6 = 4*b, -2*b - 4*u + 7 + 1 = 0. Suppose 2*f - 2 = 2*w + 5*f, 18 = 4*w - 5*f. What is the remainder when w is divided by b?
0
Let y(m) = -m**3 - m - 1. Let a be 2/3 + 33/(-9). Let c be y(a). Let q = 41 - c. Calculate the remainder when 34 is divided by q.
10
Let u be 22/(-143) + 22/(-26). Let z(a) = 6*a + 2. Calculate the remainder when z(5) is divided by 3 - (-8 - u) - -1.
10
Let t = -37 - -59. Suppose 2*o - 3*l = 26, -o - 2*l - t = -3*o. Calculate the remainder when o is divided by (6*(-3)/(-6))/1.
1
Suppose -6*k = -49 - 47. What is the remainder when (-1)/(-3) + 140/3 is divided by k?
15
Let n(a) = -2*a + 7. Let j be n(7). Let g(o) = -o**2 - 11*o - 10. Let l be g(-4). What is the remainder when 70 is divided by j/(-7) + (l - 1)?
16
Let f = 27 - 47. Calculate the remainder when (1 + 3)*(-5)/f is divided by 1.
0
Suppose 4*x - 6 - 2 = 0, 0 = -i - 2*x - 14. Let l = 36 + i. Suppose -48 = -5*y + 2. What is the remainder when l is divided by y?
8
Let i(d) = d**2 + 4*d + 6. Let s(z) be the second derivative of z**4/3 - z**3/3 - z**2/2 + 4*z. Calculate the remainder when s(-2) is divided by i(-5).
8
Suppose c + 0*c + 2 = 0. Let j(b) = 61*b**2 + 2*b + 3. Let g be j(c). Suppose 5*k - 77 - g = 0. What is the remainder when k is divided by 22?
20
Suppose -4*h - 3*a + 37 = 0, -5*a + 4 + 11 = 2*h. Calculate the remainder when h is divided by (-2 + 1)*-3 + 1.
2
Suppose -3*j = -7*j + 32. Let u = j - 5. What is the remainder when 7 is divided by u?
1
Let w(h) = h - 2. Let k be w(6). Suppose -k*a = -f + 15 + 7, 32 = 2*f - 2*a. Calculate the remainder when 55 is divided by f.
13
Suppose 3*p = 5*p + 8. What is the remainder when 0 + 1 - (-35 + p) is divided by 14?
12
Let o = -106 - -151. Suppose -3*v + 84 = -o. Calculate the remainder when v is divided by 15.
13
Let i be ((-40)/16)/((-1)/4). Suppose -n + i = n. What is the remainder when 13 is divided by n?
3
Let h(w) = w**2 - 12*w - 15. Calculate the remainder when h(14) is divided by 8.
5
Suppose -2*g + 20 = -12. Suppose -2*d + g = 3*u, 0*d - 2*u = -d + 22. What is the remainder when d is divided by (-162)/(-21) + (-2)/(-7)?
6
Let u(b) = b**3 + 13*b**2 + 10*b - 13. What is the remainder when 21 is divided by u(-12)?
10
Let n be (-16)/(-12)*3/2. What is the remainder when 44 is divided by -1*1 + 32/n?
14
Let m = 9 + -12. Let i(k) be the third derivative of k**5/20 + k**4/12 - 2*k**3/3 + k**2. Calculate the remainder when i(m) is divided by 9.
8
Let l = 121 - 44. Let m be (l/21)/((-1)/(-12)). Let y = m + -19. What is the remainder when y is divided by 9?
7
Let b(i) = -3*i - 24. What is the remainder when 124 is divided by b(-14)?
16
Suppose -4*s = -5*f - 61, s - 27 = 3*f - 10. Suppose -s = -2*h + h. Calculate the remainder when 26 is divided by h.
12
Let q(s) = -4*s. Let w be q(-3). Let f(m) = m**3 - 8*m**2 + 5*m + 10. Let z be f(7). What is the remainder when 20 is divided by 56/w*(-6)/z?
6
Suppose 4*m + 5*l = 2*l + 16, 5*m + 2*l - 20 = 0. Suppose -2*w + 5*z + 5 = 0, 3*w + 4 = w - m*z. Let f = 1 + w. What is the remainder when 2 is divided by f?
0
Suppose 5*v - 6*b + 4*b = 85, 55 = 2*v - 5*b. Let k = -6 - -12. Suppose -3*t - 84 = -k*t. What is the remainder when t is divided by v?
13
Let k(y) = -y**3 - 2*y**2 - y + 3. Suppose 4*i - 4*c = 60, -5*c = -0*i + 2*i - 9. Calculate the remainder when k(-3) is divided by (-32)/i*1*-3.
7
Suppose 5*c + 12 = 37. Let w = 6 - 4. Calculate the remainder when w/(-2 + 9/4) is divided by c.
3
Let h(t) = 3*t. Let g be h(-2). Let z = g - -8. Suppose 3*x = -z*b + 34, 0 = -5*x - b - 2*b + 58. Calculate the remainder when 40 is divided by x.
12
Let d(y) = y**3 - 2*y**2 + 3*y + 4. Suppose 4*w - 2*h - 36 = 2*h, -w + 21 = 3*h. What is the remainder when d(3) is divided by w?
10
Suppose 4*a = 4*i + 3*a - 285, -3*i = 3*a - 195. Suppose i = 2*t + 3*t. Suppose w - 5*q = 0, 2*w - 3 - 10 = -3*q. What is the remainder when t is divided by w?
4
Let q = 3 - 3. Suppose q*a - 4*a = -36. What is the remainder when a is divided by (-1)/4*-5*4?
4
Let a = -3 + 40. Calculate the remainder when a is divided by 13.
11
Calculate the remainder when 3 + -1 + 64 - -5 is divided by 15.
11
Let v(y) = -16*y + 2. What is the remainder when v(-1) is divided by 7?
4
Let m(x) = -3*x - 65. Calculate the remainder when 11 is divided by m(-22).
0
Suppose 5*a = -2*l - 1, l - 3*l + 2*a + 6 = 0. Let o = l - -3. Suppose -5*j + w + 3*w = -62, 5*j - 35 = -o*w. What is the remainder when 28 is divided by j?
8
Let r(b) = -11*b - 6. Calculate the remainder when 44 is divided by r(-1).
4
Suppose -5 = 3*y + 2*y. Let n be 83/(-3) + y/3. What is the remainder when 12 is divided by (1*-1)/(4/n)?
5
What is the remainder when 34 is divided by ((-144)/14)/6*-7?
10
Suppose -3*p + 6*p = 18. Let u be (-2)/4*-11*2. Let l = p + u. Calculate the remainder when 49 is divided by l.
15
Suppose 24*y = 26*y - 78. Calculate the remainder when 75 is divided by y.
36
Let w be (-15)/6*(-6)/5. Suppose -132 = -w*x - 3*s, 0*s = 4*x + 2*s - 180. Calculate the remainder when x is divided by 12.
10
Let b = 12 - -9. Calculate the remainder when 83 is divided by b.
20
Let d(f) = 2*f - 5. Suppose 2*u + 3*s = -33, -u + 3*u = 2*s - 28. What is the remainder when ((-24)/u)/((-1)/(-5)) is divided by d(4)?
2
Let b(i) = -3*i**2 + 8*i - 12. Let v be b(8). Let u = -46 - v. What is the remainder when u is divided by 24?
22
Suppose -4*i - 91 + 491 = 0. Suppose 5*s - 5*g - i = 0, 4*s + g - 125 = -4*g. Calculate the remainder when s is divided by 7.
4
Let a(u) = -2*u + 2. Suppose 2*h - 3 = -7. Let c(m) = 4*m**2 + m - 1. What is the remainder when a(-11) is divided by c(h)?
11
Suppose 168 = 6*r + 12. What is the remainder when 180 is divided by r?
24
Suppose -3*q = -8*q + 215. What is the remainder when q is divided by 22?
21
Suppose -5*g + i + 99 = 0, -g = 2*g - 4*i - 73. Let t = 22 - -6. Suppose -y - 3*y = -t. What is the remainder when g is divided by y?
5
Let h(p) be the second derivative of -p**5/20 + 33*p**2/2 - 6*p. What is the remainder when h(0) is divided by 17?
16
Let z = 0 - -1. Let i = -96 + 99. Calculate the remainder when i is divided by z.
0
Suppose 24 = -b + 67. What is the remainder when b is divi